{"id":378,"date":"2024-02-26T11:35:56","date_gmt":"2024-02-26T11:35:56","guid":{"rendered":"https:\/\/anz.ferlyo.com\/?page_id=378"},"modified":"2024-02-26T11:37:40","modified_gmt":"2024-02-26T11:37:40","slug":"elementor-378","status":"publish","type":"page","link":"https:\/\/anz.ferlyo.com\/?page_id=378","title":{"rendered":"Mon projet de Formation"},"content":{"rendered":"\t\t<div data-elementor-type=\"wp-page\" data-elementor-id=\"378\" class=\"elementor elementor-378\">\n\t\t\t\t<div class=\"elementor-element elementor-element-d47fe5c e-flex e-con-boxed e-con e-parent\" data-id=\"d47fe5c\" data-element_type=\"container\">\n\t\t\t\t\t<div class=\"e-con-inner\">\n\t\t\t\t<div class=\"elementor-element elementor-element-63ab95b elementor-drop-cap-yes elementor-drop-cap-view-default elementor-widget elementor-widget-text-editor\" data-id=\"63ab95b\" data-element_type=\"widget\" data-settings=\"{&quot;drop_cap&quot;:&quot;yes&quot;}\" data-widget_type=\"text-editor.default\">\n\t\t\t\t<div class=\"elementor-widget-container\">\n\t\t\t\t\t\t\t<p>Pendant la formation de Web designer, j\u2019ai d\u00fb r\u00e9aliser, pendant l\u2019ann\u00e9e,\u00a0un projet de graphisme de cannette\u00a0Red Bull en partenariat avec Marvel. Nous somme partie d\u2019une demande client et nous avons produit\u00a0des\u00a0planches de recherches, des graphismes en lien avec notre univers, nos h\u00e9ros Marvel choisis, ainsi que\u00a0toute la\u00a0charte graphique qui correspond. Nous avons \u00e9galement r\u00e9alis\u00e9 une vid\u00e9o de promotion afin de vendre ce partenariat et nos canettes.<\/p>\t\t\t\t\t\t<\/div>\n\t\t\t\t<\/div>\n\t\t\t\t\t<\/div>\n\t\t\t\t<\/div>\n\t\t<div class=\"elementor-element elementor-element-ef67ea1 e-flex e-con-boxed e-con e-parent\" data-id=\"ef67ea1\" data-element_type=\"container\">\n\t\t\t\t\t<div class=\"e-con-inner\">\n\t\t\t\t<div class=\"elementor-element elementor-element-ab48b7a elementor-widget elementor-widget-video\" data-id=\"ab48b7a\" data-element_type=\"widget\" data-settings=\"{&quot;youtube_url&quot;:&quot;https:\\\/\\\/youtu.be\\\/KAodvwVQjvs?si=51EuFEbzbXrrXex4&quot;,&quot;video_type&quot;:&quot;youtube&quot;,&quot;controls&quot;:&quot;yes&quot;}\" data-widget_type=\"video.default\">\n\t\t\t\t<div class=\"elementor-widget-container\">\n\t\t\t\t\t<div class=\"elementor-wrapper elementor-open-inline\">\n\t\t\t<div class=\"elementor-video\"><\/div>\t\t<\/div>\n\t\t\t\t<\/div>\n\t\t\t\t<\/div>\n\t\t\t\t\t<\/div>\n\t\t\t\t<\/div>\n\t\t<div class=\"elementor-element elementor-element-531d106 e-flex e-con-boxed e-con e-parent\" data-id=\"531d106\" data-element_type=\"container\">\n\t\t\t\t\t<div class=\"e-con-inner\">\n\t\t\t\t<div class=\"elementor-element elementor-element-7791d89 elementor-arrows-position-inside elementor-pagination-position-outside elementor-widget elementor-widget-image-carousel\" data-id=\"7791d89\" data-element_type=\"widget\" data-settings=\"{&quot;slides_to_scroll&quot;:&quot;2&quot;,&quot;navigation&quot;:&quot;both&quot;,&quot;autoplay&quot;:&quot;yes&quot;,&quot;pause_on_hover&quot;:&quot;yes&quot;,&quot;pause_on_interaction&quot;:&quot;yes&quot;,&quot;autoplay_speed&quot;:5000,&quot;infinite&quot;:&quot;yes&quot;,&quot;speed&quot;:500}\" data-widget_type=\"image-carousel.default\">\n\t\t\t\t<div class=\"elementor-widget-container\">\n\t\t\t\t\t<div class=\"elementor-image-carousel-wrapper swiper\" dir=\"ltr\">\n\t\t\t<div class=\"elementor-image-carousel swiper-wrapper\" aria-live=\"off\">\n\t\t\t\t\t\t\t\t<div class=\"swiper-slide\" role=\"group\" aria-roledescription=\"slide\" aria-label=\"1 sur 27\"><figure class=\"swiper-slide-inner\"><img decoding=\"async\" class=\"swiper-slide-image\" src=\"https:\/\/anz.ferlyo.com\/wp-content\/uploads\/2024\/02\/page-4-adeline-Grande-5-1024x634.jpeg\" alt=\"fond bd 3\" \/><\/figure><\/div><div class=\"swiper-slide\" role=\"group\" aria-roledescription=\"slide\" aria-label=\"2 sur 27\"><figure class=\"swiper-slide-inner\"><img decoding=\"async\" class=\"swiper-slide-image\" src=\"https:\/\/anz.ferlyo.com\/wp-content\/uploads\/2024\/02\/page-3-adeline-Grande-5-1024x594.jpeg\" alt=\"fond bd 2-2\" \/><\/figure><\/div><div class=\"swiper-slide\" role=\"group\" aria-roledescription=\"slide\" aria-label=\"3 sur 27\"><figure class=\"swiper-slide-inner\"><img decoding=\"async\" class=\"swiper-slide-image\" src=\"https:\/\/anz.ferlyo.com\/wp-content\/uploads\/2024\/02\/page-2-adeline-Grande-5-1024x592.jpeg\" alt=\"fond bd\" \/><\/figure><\/div><div class=\"swiper-slide\" role=\"group\" aria-roledescription=\"slide\" aria-label=\"4 sur 27\"><figure class=\"swiper-slide-inner\"><img decoding=\"async\" class=\"swiper-slide-image\" src=\"https:\/\/anz.ferlyo.com\/wp-content\/uploads\/2024\/02\/logo-heroes-decale-simplifier-Grande-5-1024x392.jpeg\" alt=\"RVB de base\" \/><\/figure><\/div><div class=\"swiper-slide\" role=\"group\" aria-roledescription=\"slide\" aria-label=\"5 sur 27\"><figure class=\"swiper-slide-inner\"><img decoding=\"async\" class=\"swiper-slide-image\" src=\"https:\/\/anz.ferlyo.com\/wp-content\/uploads\/2024\/02\/Free-Bus-Stop-Mockup-Grande-5-1024x970.jpeg\" alt=\"Free-Bus-Stop-Mockup - Grande\" \/><\/figure><\/div><div class=\"swiper-slide\" role=\"group\" aria-roledescription=\"slide\" aria-label=\"6 sur 27\"><figure class=\"swiper-slide-inner\"><img decoding=\"async\" class=\"swiper-slide-image\" src=\"https:\/\/anz.ferlyo.com\/wp-content\/uploads\/2024\/02\/page-2-adeline-Grande-4-1024x592.jpeg\" alt=\"fond bd\" \/><\/figure><\/div><div class=\"swiper-slide\" role=\"group\" aria-roledescription=\"slide\" aria-label=\"7 sur 27\"><figure class=\"swiper-slide-inner\"><img decoding=\"async\" class=\"swiper-slide-image\" src=\"https:\/\/anz.ferlyo.com\/wp-content\/uploads\/2024\/02\/page-3-adeline-Grande-4-1024x594.jpeg\" alt=\"fond bd 2-2\" \/><\/figure><\/div><div class=\"swiper-slide\" role=\"group\" aria-roledescription=\"slide\" aria-label=\"8 sur 27\"><figure class=\"swiper-slide-inner\"><img decoding=\"async\" class=\"swiper-slide-image\" src=\"https:\/\/anz.ferlyo.com\/wp-content\/uploads\/2024\/02\/page-4-adeline-Grande-4-1024x634.jpeg\" alt=\"fond bd 3\" \/><\/figure><\/div><div class=\"swiper-slide\" role=\"group\" aria-roledescription=\"slide\" aria-label=\"9 sur 27\"><figure class=\"swiper-slide-inner\"><img decoding=\"async\" class=\"swiper-slide-image\" src=\"https:\/\/anz.ferlyo.com\/wp-content\/uploads\/2024\/02\/etiquette-canette-Grande-5-1024x790.jpeg\" alt=\"etiquette canette - Grande\" \/><\/figure><\/div><div class=\"swiper-slide\" role=\"group\" aria-roledescription=\"slide\" aria-label=\"10 sur 27\"><figure class=\"swiper-slide-inner\"><img decoding=\"async\" class=\"swiper-slide-image\" src=\"https:\/\/anz.ferlyo.com\/wp-content\/uploads\/2024\/02\/etiquette-canette2-Grande-5-1024x790.jpeg\" alt=\"etiquette canette2 - Grande\" \/><\/figure><\/div><div class=\"swiper-slide\" role=\"group\" aria-roledescription=\"slide\" aria-label=\"11 sur 27\"><figure class=\"swiper-slide-inner\"><img decoding=\"async\" class=\"swiper-slide-image\" src=\"https:\/\/anz.ferlyo.com\/wp-content\/uploads\/2024\/02\/Woman-T-shirt-MockUp_Front-1024x1024.jpg\" alt=\"Woman-T-shirt-MockUp_Front\" \/><\/figure><\/div><div class=\"swiper-slide\" role=\"group\" aria-roledescription=\"slide\" aria-label=\"12 sur 27\"><figure class=\"swiper-slide-inner\"><img decoding=\"async\" class=\"swiper-slide-image\" src=\"https:\/\/anz.ferlyo.com\/wp-content\/uploads\/2024\/02\/Woman-T-shirt-MockUp_Back-1024x1024.jpg\" alt=\"Woman-T-shirt-MockUp_Back\" \/><\/figure><\/div><div class=\"swiper-slide\" role=\"group\" aria-roledescription=\"slide\" aria-label=\"13 sur 27\"><figure class=\"swiper-slide-inner\"><img decoding=\"async\" class=\"swiper-slide-image\" src=\"https:\/\/anz.ferlyo.com\/wp-content\/uploads\/2024\/02\/perso-Male-and-Female-Shirt-Mockuppetite.jpg\" alt=\"Freebie Mockup shirt\" \/><\/figure><\/div><div class=\"swiper-slide\" role=\"group\" aria-roledescription=\"slide\" aria-label=\"14 sur 27\"><figure class=\"swiper-slide-inner\"><img decoding=\"async\" class=\"swiper-slide-image\" src=\"https:\/\/anz.ferlyo.com\/wp-content\/uploads\/2024\/02\/Instagram-Post-Mockup-2019-J-8-final-1024x861.jpg\" alt=\"Instagram-Post-Mockup-2019-J-8-final\" \/><\/figure><\/div><div class=\"swiper-slide\" role=\"group\" aria-roledescription=\"slide\" aria-label=\"15 sur 27\"><figure class=\"swiper-slide-inner\"><img decoding=\"async\" class=\"swiper-slide-image\" src=\"https:\/\/anz.ferlyo.com\/wp-content\/uploads\/2024\/02\/Free-Instagram-Post-Mockup-2020-L-1024x768.jpg\" alt=\"Free-Instagram-Post-Mockup-2020-L\" \/><\/figure><\/div><div class=\"swiper-slide\" role=\"group\" aria-roledescription=\"slide\" aria-label=\"16 sur 27\"><figure class=\"swiper-slide-inner\"><img decoding=\"async\" class=\"swiper-slide-image\" src=\"https:\/\/anz.ferlyo.com\/wp-content\/uploads\/2024\/02\/5-derniere-page-adeline-1024x577.jpg\" alt=\"5 derniere page adeline\" \/><\/figure><\/div><div class=\"swiper-slide\" role=\"group\" aria-roledescription=\"slide\" aria-label=\"17 sur 27\"><figure class=\"swiper-slide-inner\"><img decoding=\"async\" class=\"swiper-slide-image\" src=\"https:\/\/anz.ferlyo.com\/wp-content\/uploads\/2024\/02\/bus-1024x724.jpg\" alt=\"bus\" \/><\/figure><\/div><div class=\"swiper-slide\" role=\"group\" aria-roledescription=\"slide\" aria-label=\"18 sur 27\"><figure class=\"swiper-slide-inner\"><img decoding=\"async\" class=\"swiper-slide-image\" src=\"https:\/\/anz.ferlyo.com\/wp-content\/uploads\/2024\/02\/Facebook-Page-Mockup-2020-1024x741.jpg\" alt=\"Facebook-Page-Mockup-2020\" \/><\/figure><\/div><div class=\"swiper-slide\" role=\"group\" aria-roledescription=\"slide\" aria-label=\"19 sur 27\"><figure class=\"swiper-slide-inner\"><img decoding=\"async\" class=\"swiper-slide-image\" src=\"https:\/\/anz.ferlyo.com\/wp-content\/uploads\/2024\/02\/etiquette-canetteW-psd-1024x790.jpg\" alt=\"etiquette canetteW psd\" \/><\/figure><\/div><div class=\"swiper-slide\" role=\"group\" aria-roledescription=\"slide\" aria-label=\"20 sur 27\"><figure class=\"swiper-slide-inner\"><img decoding=\"async\" class=\"swiper-slide-image\" src=\"https:\/\/anz.ferlyo.com\/wp-content\/uploads\/2024\/02\/Capture2-1024x709.png\" alt=\"Capture2\" \/><\/figure><\/div><div class=\"swiper-slide\" role=\"group\" aria-roledescription=\"slide\" aria-label=\"21 sur 27\"><figure class=\"swiper-slide-inner\"><img decoding=\"async\" class=\"swiper-slide-image\" src=\"https:\/\/anz.ferlyo.com\/wp-content\/uploads\/2024\/02\/Capture.png\" alt=\"Capture\" \/><\/figure><\/div><div class=\"swiper-slide\" role=\"group\" aria-roledescription=\"slide\" aria-label=\"22 sur 27\"><figure class=\"swiper-slide-inner\"><img decoding=\"async\" class=\"swiper-slide-image\" src=\"https:\/\/anz.ferlyo.com\/wp-content\/uploads\/2024\/02\/desktop6-Grande-1024x731.jpeg\" alt=\"desktop6 - Grande\" \/><\/figure><\/div><div class=\"swiper-slide\" role=\"group\" aria-roledescription=\"slide\" aria-label=\"23 sur 27\"><figure class=\"swiper-slide-inner\"><img decoding=\"async\" class=\"swiper-slide-image\" src=\"https:\/\/anz.ferlyo.com\/wp-content\/uploads\/2024\/02\/tel-1-Grande-1024x854.jpeg\" alt=\"tel 1 - Grande\" \/><\/figure><\/div><div class=\"swiper-slide\" role=\"group\" aria-roledescription=\"slide\" aria-label=\"24 sur 27\"><figure class=\"swiper-slide-inner\"><img decoding=\"async\" class=\"swiper-slide-image\" src=\"https:\/\/anz.ferlyo.com\/wp-content\/uploads\/2024\/02\/tel4-Grande-1024x854.jpeg\" alt=\"tel4 - Grande\" \/><\/figure><\/div><div class=\"swiper-slide\" role=\"group\" aria-roledescription=\"slide\" aria-label=\"25 sur 27\"><figure class=\"swiper-slide-inner\"><img decoding=\"async\" class=\"swiper-slide-image\" src=\"https:\/\/anz.ferlyo.com\/wp-content\/uploads\/2024\/02\/desktop5-Grande-1024x731.jpeg\" alt=\"desktop5 - Grande\" \/><\/figure><\/div><div class=\"swiper-slide\" role=\"group\" aria-roledescription=\"slide\" aria-label=\"26 sur 27\"><figure class=\"swiper-slide-inner\"><img decoding=\"async\" class=\"swiper-slide-image\" src=\"https:\/\/anz.ferlyo.com\/wp-content\/uploads\/2024\/02\/desktop1-Grande-1024x731.jpeg\" alt=\"desktop1 - Grande\" \/><\/figure><\/div><div class=\"swiper-slide\" role=\"group\" aria-roledescription=\"slide\" aria-label=\"27 sur 27\"><figure class=\"swiper-slide-inner\"><img decoding=\"async\" class=\"swiper-slide-image\" src=\"https:\/\/anz.ferlyo.com\/wp-content\/uploads\/2024\/02\/desktop2-Grande-1024x731.jpeg\" alt=\"desktop2 - Grande\" \/><\/figure><\/div>\t\t\t<\/div>\n\t\t\t\t\t\t\t\t\t\t\t\t<div class=\"elementor-swiper-button elementor-swiper-button-prev\" role=\"button\" tabindex=\"0\">\n\t\t\t\t\t\t<svg aria-hidden=\"true\" class=\"e-font-icon-svg e-eicon-chevron-left\" viewBox=\"0 0 1000 1000\" xmlns=\"http:\/\/www.w3.org\/2000\/svg\"><path d=\"M646 125C629 125 613 133 604 142L308 442C296 454 292 471 292 487 292 504 296 521 308 533L604 854C617 867 629 875 646 875 663 875 679 871 692 858 704 846 713 829 713 812 713 796 708 779 692 767L438 487 692 225C700 217 708 204 708 187 708 171 704 154 692 142 675 129 663 125 646 125Z\"><\/path><\/svg>\t\t\t\t\t<\/div>\n\t\t\t\t\t<div class=\"elementor-swiper-button elementor-swiper-button-next\" role=\"button\" tabindex=\"0\">\n\t\t\t\t\t\t<svg aria-hidden=\"true\" class=\"e-font-icon-svg e-eicon-chevron-right\" viewBox=\"0 0 1000 1000\" xmlns=\"http:\/\/www.w3.org\/2000\/svg\"><path d=\"M696 533C708 521 713 504 713 487 713 471 708 454 696 446L400 146C388 133 375 125 354 125 338 125 325 129 313 142 300 154 292 171 292 187 292 204 296 221 308 233L563 492 304 771C292 783 288 800 288 817 288 833 296 850 308 863 321 871 338 875 354 875 371 875 388 867 400 854L696 533Z\"><\/path><\/svg>\t\t\t\t\t<\/div>\n\t\t\t\t\n\t\t\t\t\t\t\t\t\t<div class=\"swiper-pagination\"><\/div>\n\t\t\t\t\t\t\t\t\t<\/div>\n\t\t\t\t<\/div>\n\t\t\t\t<\/div>\n\t\t\t\t\t<\/div>\n\t\t\t\t<\/div>\n\t\t\t\t<\/div>\n\t\t","protected":false},"excerpt":{"rendered":"<p>Pendant la formation de Web designer, j\u2019ai d\u00fb r\u00e9aliser, pendant l\u2019ann\u00e9e,\u00a0un projet de graphisme de cannette\u00a0Red Bull en partenariat avec Marvel. Nous somme partie d\u2019une demande client et nous avons produit\u00a0des\u00a0planches de recherches, des graphismes en lien avec notre univers, nos h\u00e9ros Marvel choisis, ainsi que\u00a0toute la\u00a0charte graphique qui correspond. Nous avons \u00e9galement r\u00e9alis\u00e9 une [&hellip;]<\/p>\n","protected":false},"author":1,"featured_media":0,"parent":0,"menu_order":0,"comment_status":"closed","ping_status":"closed","template":"","meta":{"footnotes":""},"_links":{"self":[{"href":"https:\/\/anz.ferlyo.com\/index.php?rest_route=\/wp\/v2\/pages\/378"}],"collection":[{"href":"https:\/\/anz.ferlyo.com\/index.php?rest_route=\/wp\/v2\/pages"}],"about":[{"href":"https:\/\/anz.ferlyo.com\/index.php?rest_route=\/wp\/v2\/types\/page"}],"author":[{"embeddable":true,"href":"https:\/\/anz.ferlyo.com\/index.php?rest_route=\/wp\/v2\/users\/1"}],"replies":[{"embeddable":true,"href":"https:\/\/anz.ferlyo.com\/index.php?rest_route=%2Fwp%2Fv2%2Fcomments&post=378"}],"version-history":[{"count":5,"href":"https:\/\/anz.ferlyo.com\/index.php?rest_route=\/wp\/v2\/pages\/378\/revisions"}],"predecessor-version":[{"id":384,"href":"https:\/\/anz.ferlyo.com\/index.php?rest_route=\/wp\/v2\/pages\/378\/revisions\/384"}],"wp:attachment":[{"href":"https:\/\/anz.ferlyo.com\/index.php?rest_route=%2Fwp%2Fv2%2Fmedia&parent=378"}],"curies":[{"name":"wp","href":"https:\/\/api.w.org\/{rel}","templated":true}]}}